)?
6
Suppose -3*v + 74 = 29. Calculate the remainder when 28 is divided by v.
13
Calculate the remainder when (108/10)/((-6)/(-15)) is divided by 7.
6
Suppose k + 47 = -5. What is the remainder when 24 is divided by (k/8)/(2/(-4))?
11
Let u(f) = f**3 + 6*f**2 + 1. Let o be (3 + -2)*-1*-3. Suppose -18 = -0*r + o*r. What is the remainder when 1 is divided by u(r)?
0
Suppose -2 = j - 3*k, 0 = 4*j - 0*j - k - 36. Let p = j - 5. Suppose -p = -i - 2. Calculate the remainder when 8 is divided by i.
2
Suppose -19*v + 14*v + 255 = 0. Calculate the remainder when 98 is divided by v.
47
Let k(h) = 2*h**2 - 49*h - 55. What is the remainder when k(27) is divided by 42?
38
Suppose 7 = -2*i - 3. Let p(s) = -3 + 3 - 2*s + 1. What is the remainder when p(i) is divided by 6?
5
Suppose -d + 81 = 2*d. What is the remainder when ((-1)/2)/(2/(-316)) is divided by d?
25
Suppose 3*n - 23 = -w - 2*n, -5*n = -2*w + 31. Calculate the remainder when w is divided by 10.
8
Suppose d = -4 + 73. Suppose 0 = t - 1, r - 5*t = 5*r - 77. What is the remainder when d is divided by r?
15
Calculate the remainder when (14/35)/(1/240 + 0) is divided by 11.
8
Suppose 0 = -3*s + 6*s - 33. What is the remainder when 64 is divided by s?
9
Let a = 5 + -2. Let q(z) = 5*z - 4. Calculate the remainder when 21 is divided by q(a).
10
Let q be (-2 - 18/(-10))*-25. Suppose 5*u - 274 = -2*t, -u + q*u - 2*t = 230. What is the remainder when u is divided by (-1)/((-28)/(-29) - 1)?
27
Let v = 34 + -20. Let d(b) = -b**3 + 6*b**2 - b + 3. Suppose -2*s = -6*s + 3*w + 18, 0 = 4*s - 5*w - 22. What is the remainder when d(s) is divided by v?
13
Let d = 18 + -19. Let f = 20 - d. What is the remainder when f is divided by 6?
3
Suppose 0 = -0*v + 3*v + 5*z - 92, -3*z = v - 36. Suppose -2*i + 4*i - v = 2*q, -2*q = 5*i - 25. Calculate the remainder when 13 is divided by i.
6
Let v = -44 - -105. Calculate the remainder when v is divided by 16.
13
Suppose 3*i - 2*i = 44. Calculate the remainder when i is divided by 9.
8
Suppose 3*s + s - 241 = -3*w, w = 5*s + 112. Let u = w + -50. Suppose 2*p + l = u, 3*p - 4*l = 10 + 18. What is the remainder when 30 is divided by p?
14
Let u(d) be the third derivative of d**6/120 - d**5/15 - 5*d**4/24 - 2*d**2. Let i be u(5). Let a = i + 8. Calculate the remainder when 23 is divided by a.
7
Let g(w) = -w**2 - 6*w + 5. Let u = -71 - -85. What is the remainder when u is divided by g(-6)?
4
Let o(y) = -23*y - 5. What is the remainder when 49 is divided by o(-1)?
13
Let h = -141 - -225. What is the remainder when h is divided by 23?
15
Let u be 21 + (-1)/(2/6). Suppose -u = -5*a + 12. What is the remainder when 11 is divided by a?
5
Suppose -9 = q + 18. Let k = -12 - q. Calculate the remainder when 44 is divided by k.
14
Let z = -106 - -121. Let f(y) = y**3 - 5*y**2 + 5*y + 4. Let l be -2*(7/(-2) + 1). What is the remainder when f(l) is divided by z?
14
Suppose -z - z + 18 = 2*i, 4*z + 2*i = 36. What is the remainder when z is divided by 6?
3
Let j(w) = w**2 + w + 1. Let r be j(-2). Suppose -167 = -r*m - 62. Calculate the remainder when m is divided by 9.
8
Suppose 10*i - 340 + 80 = 0. Calculate the remainder when 41 is divided by i.
15
Suppose 0 = -h + 17 + 13. Suppose 12*m = 10*m - h. Let n = m + 23. Calculate the remainder when n is divided by 3.
2
Let i(m) = -3 - 5 + 2 + 5*m + 2. Calculate the remainder when i(10) is divided by 16.
14
Suppose 3 = -d - 5*m, 2*d - 6*d + 9 = -m. Calculate the remainder when (-12)/6 - (-122)/d is divided by 15.
14
Let t be (-5)/7 + (-8)/28. Calculate the remainder when 28 is divided by (-2)/t - -6 - -2.
8
Let q be (-51)/(((-2)/(-2))/1). Let k = 78 + q. Calculate the remainder when k is divided by 14.
13
Suppose 0 = -4*b + 3*b + 3, 5*y - 2*b - 229 = 0. Suppose -j = 4*v - 21, -5*v + y = -3*j + 8. What is the remainder when v is divided by 1 - -2*(-6)/(-4)?
2
Let h = -14 - -20. Suppose 20 = -4*p + h*p. Let k = -1 + p. What is the remainder when 16 is divided by k?
7
Let t(f) = 3*f - 13. Suppose 0 = 5*k + 4*x + x - 90, -2*k = 4*x - 46. What is the remainder when t(k) is divided by 7?
5
Let t be 290/6 - (-10)/15. Suppose -20 = -3*q + t. Calculate the remainder when q is divided by 8.
7
Let y(m) = 35*m**3 - 2*m + 2. What is the remainder when 67 is divided by y(1)?
32
Let n(c) = c**2 + c + 69. What is the remainder when n(0) is divided by 24?
21
Let o = -2 - -3. Let s = 81 + -79. Calculate the remainder when s is divided by o.
0
Suppose -3 = -i - 1. Calculate the remainder when 41 is divided by (i*6 - 1)/1.
8
Suppose 5*c - 96 = -4*r, 2*c - 13 = -r - 2*c. Let j = -6 - -19. What is the remainder when (0 - 1) + (r - 4) is divided by j?
11
Let c(w) = 12*w**2 + 2. Let t = -8 + 6. Calculate the remainder when c(t) is divided by 17.
16
Let a(w) be the first derivative of 8*w**3/3 + w**2/2 + 2*w + 5. Calculate the remainder when 34 is divided by a(-1).
7
What is the remainder when (-4)/(-10) + (-1080)/(-50) is divided by 12?
10
Suppose 0*z = -2*z + 18. Let y = 2 - 0. Let n(t) = 5*t**2 - 2*t. Calculate the remainder when n(y) is divided by z.
7
Suppose 4*f - 6 = 2*s - 42, 3*s = -4*f + 34. What is the remainder when 39 is divided by s?
11
Let l(y) = -3*y**2 - 4*y. Let d(i) = -7*i**2 - 7*i + 1. Let g(v) = -2*d(v) + 5*l(v). Calculate the remainder when 3 is divided by g(-5).
0
Let w(t) = -t**2 + 9*t - 6. What is the remainder when 41 is divided by w(5)?
13
Let q = -108 - -117. Calculate the remainder when 15 - (-2 + 1 + -1) is divided by q.
8
Suppose -12 = -10*p + 18. Calculate the remainder when 6 is divided by p.
0
Let v be 64*((-2)/2 + 0). Calculate the remainder when 6/(2 - v/(-34)) is divided by 27.
24
Let d = 45 - 4. What is the remainder when d is divided by 11?
8
Calculate the remainder when (4/4)/((-2)/(-90)) is divided by 24.
21
Calculate the remainder when 28 is divided by (8/(-6))/(4/(-18)).
4
Suppose -u + 5*n + 0*n = -26, -117 = -2*u - 3*n. Calculate the remainder when u is divided by 14.
9
Let f(j) = j**2 - 5*j. Let r be f(4). Let x = r + 5. Suppose 9 = -3*p, 0*u + u - 6 = p. Calculate the remainder when u is divided by x.
0
Let q(h) = -h**2 + 9*h - 3. Calculate the remainder when 2*(6 - 12)*4/(-6) is divided by q(8).
3
Suppose 0 = -10*w + 14*w - 116. Suppose 3*p = 5*x - 590, -2*x + 155 + 60 = 3*p. What is the remainder when x is divided by w?
28
Let v = -48 - -33. What is the remainder when (5/v)/(1/(-21)) is divided by 2?
1
Let a(l) = -l**2 - l. Let f be a(2). Calculate the remainder when f/((-1)/(-14)*-3) is divided by 5/(-8)*-4*6.
13
Let w(y) = y**3 - 14*y**2 + 16*y - 26. What is the remainder when 20 is divided by w(13)?
7
Calculate the remainder when 88 is divided by ((-16)/24)/((-2)/45).
13
Let o(g) = 3*g**3 - 3*g**2 + 2*g + 2. Suppose -91 = -5*x - 5*d + 274, 0 = 4*x + 2*d - 286. Calculate the remainder when x is divided by o(2).
16
Let j = -33 + 67. Suppose -r = 4*z - j, 0*r - r = -5*z + 38. What is the remainder when 21 is divided by z?
5
Let x be 11*-15*2/(-6). Let z = x + -32. Calculate the remainder when z is divided by 5.
3
Suppose 2*f - 2 - 2 = 0, 0 = -2*z - 5*f + 70. Let h(u) = u**2 - 3*u - 2. Suppose 7 + 3 = -5*x. What is the remainder when z is divided by h(x)?
6
Calculate the remainder when 169 is divided by (7/(-14))/((-1)/86).
40
Let z(q) = q. Let k(h) = h - 3. Let f(g) = k(g) - 5*z(g). What is the remainder when 15 is divided by f(-3)?
6
Suppose -5*q = 3*c - 27 - 0, -2*c - 14 = -2*q. Suppose -17 = -b - 3*s, -2*b - 4 = -4*s - 18. What is the remainder when b is divided by q?
5
Let r be (-1)/3*-6*1. Suppose 3*y = -3*d + 69, 82 + 18 = 4*y + r*d. What is the remainder when y is divided by (-6 - 1)/((-7)/14)?
13
Let z be 3/((-1)/((-28)/6)). Let s be z/3 - (-10)/(-15). Suppose s*w - 8 = v - 21, 65 = 5*v - 2*w. Calculate the remainder when v is divided by 5.
3
Let h(n) = n**3 + 13*n**2 + 13*n + 18. Calculate the remainder when h(-12) is divided by 3.
0
Let k(c) = c**2 - 3*c + 6. Suppose 0 = 3*h + 4*q - 99, -6*h + h + 5*q + 130 = 0. Calculate the remainder when h is divided by k(4).
9
Calculate the remainder when ((-12)/10)/(1/(-5)) is divided by (-63)/(-14)*4/6.
0
Suppose -11*g - 108 = -14*g. Suppose -w = w - g. Calculate the remainder when 51 is divided by w.
15
Suppose -5*l = -3*g - 26, 4*l - 3*g + 10 = 8*l. Let f be (-6)/2*1 + 1.